ommon divisor of 69570 and 42630?
30
Calculate the greatest common factor of 923398350 and 1734.
1734
Calculate the highest common factor of 1257913 and 37451.
2203
What is the greatest common factor of 403920 and 4444?
44
What is the highest common factor of 3148125 and 276?
69
What is the highest common factor of 30 and 50692542?
6
What is the highest common factor of 19000 and 1059782?
38
What is the highest common factor of 222048 and 2405808?
432
What is the highest common factor of 1367571 and 65556?
1821
What is the highest common divisor of 6241085 and 5?
5
Calculate the greatest common factor of 364 and 156576329.
91
What is the highest common factor of 758306 and 3886?
134
Calculate the highest common factor of 14455 and 189.
7
What is the greatest common divisor of 200074200 and 400?
200
Calculate the highest common factor of 1022549 and 3058.
11
Calculate the greatest common divisor of 71810440 and 80.
40
Calculate the greatest common divisor of 488290 and 308660.
2530
Calculate the greatest common divisor of 494 and 357139770.
494
What is the highest common divisor of 94 and 72659650?
94
What is the greatest common factor of 713423875 and 1425?
475
Calculate the greatest common factor of 6 and 1042364436.
6
What is the highest common factor of 1311685035 and 15?
15
What is the highest common divisor of 5004412 and 46976?
1468
Calculate the greatest common factor of 24544786 and 343.
49
Calculate the highest common divisor of 495308180 and 40.
20
What is the greatest common divisor of 4051320 and 581940?
3180
Calculate the highest common divisor of 173 and 69256052.
173
What is the highest common factor of 27824 and 4436800?
752
Calculate the greatest common divisor of 82450732 and 2366.
182
What is the greatest common factor of 20680 and 1430069?
47
What is the greatest common factor of 52288 and 2077631?
817
Calculate the highest common factor of 178035 and 87227439.
3237
Calculate the highest common divisor of 42939144 and 68.
68
What is the highest common divisor of 63 and 3523491?
9
Calculate the highest common divisor of 27 and 716821353.
27
Calculate the greatest common divisor of 90696232 and 44.
44
What is the greatest common factor of 33393549 and 147?
147
Calculate the highest common divisor of 930 and 141093090.
930
What is the highest common factor of 5680 and 553000540?
1420
Calculate the greatest common divisor of 8880 and 3334335.
15
Calculate the greatest common factor of 2863638 and 4682809.
6917
What is the highest common divisor of 7273480 and 280?
40
What is the highest common factor of 38958644 and 236?
236
What is the highest common divisor of 805 and 75976130?
115
Calculate the greatest common divisor of 66 and 5369526.
6
Calculate the greatest common factor of 12 and 6219588.
12
Calculate the greatest common factor of 1021254 and 22828.
26
Calculate the highest common divisor of 2 and 1141466.
2
Calculate the greatest common divisor of 153613639 and 59.
59
What is the greatest common divisor of 173318 and 5662?
38
Calculate the greatest common factor of 13018374 and 1458.
54
What is the highest common factor of 400 and 1704152?
8
What is the greatest common divisor of 850 and 12491650?
50
What is the greatest common factor of 14664 and 86541?
39
Calculate the greatest common divisor of 143663 and 53456000.
3341
Calculate the greatest common divisor of 1819 and 1904279.
107
What is the greatest common factor of 187782 and 26571?
51
What is the greatest common divisor of 1562 and 213158?
22
What is the highest common divisor of 210 and 22714125?
105
Calculate the highest common divisor of 396 and 33096789.
99
Calculate the greatest common divisor of 600 and 133710.
30
What is the greatest common divisor of 1496653021 and 1921?
1921
What is the greatest common divisor of 51941600 and 800?
800
Calculate the greatest common factor of 2933868 and 2067.
159
What is the greatest common divisor of 85 and 1122173315?
85
What is the highest common divisor of 11115 and 88439832?
2223
What is the highest common factor of 23005562 and 710?
142
Calculate the highest common divisor of 437633845 and 55.
55
Calculate the greatest common factor of 224800 and 174501.
281
What is the greatest common factor of 72318611 and 61?
61
Calculate the greatest common factor of 15 and 125305685.
5
What is the highest common factor of 16775 and 80307293?
671
Calculate the greatest common divisor of 45960 and 43666596.
4596
Calculate the greatest common factor of 9495648 and 864.
288
Calculate the highest common factor of 916440 and 3612.
84
Calculate the greatest common divisor of 470543 and 5309081.
311
Calculate the greatest common divisor of 17148050 and 5331.
1777
What is the highest common factor of 113434 and 1055200?
2638
What is the highest common divisor of 1464 and 60947235?
183
Calculate the highest common factor of 1113351 and 35997.
213
Calculate the greatest common factor of 325880 and 4160.
40
What is the highest common factor of 145 and 12201779?
29
Calculate the greatest common divisor of 705 and 13589815.
235
Calculate the greatest common factor of 3306496 and 100.
4
Calculate the greatest common factor of 591594 and 17286.
258
What is the highest common divisor of 2794 and 10117836?
254
Calculate the greatest common factor of 1242252 and 66924.
396
Calculate the highest common factor of 521785 and 54595.
895
What is the greatest common divisor of 5064651 and 612?
9
What is the highest common divisor of 6687245 and 8451?
313
Calculate the highest common factor of 16887 and 7512117.
1299
Calculate the highest common divisor of 384 and 801180.
12
What is the greatest common divisor of 1625 and 6263875?
125
Calculate the highest common factor of 521606 and 27683.
1457
What is the greatest common divisor of 33387634 and 14?
14
What is the greatest common factor of 12231 and 172473408?
4077
What is the highest common factor of 125689946 and 86?
86
Calculate the greatest common divisor of 3780 and 3606660.
540
What is the greatest common factor of 9 and 18685827?
9
Calculate the greatest common divisor of 11436225 and 750.
75
Calculate the highest common divisor of 32 and 91864.
8
Calculate the highest common divisor of 3174833 and 1334.
29
Calculate the greatest common divisor of 41 and 44045.
1
What is the highest common divisor of 28705175 and 53975?
3175
Calculate the highest common divisor of 425600 and 1951775.
3325
Calculate the highest common factor of 912664771 and 58.
29
Calculate the highest common divisor of 4 and 26623052.
4
Calculate the greatest common divisor of 239279526 and 3690.
738
What is the greatest common divisor of 586835 and 172885?
2435
Calculate the greatest common divisor of 43510 and 174610.
190
What is the greatest common factor of 3360 and 30152?
8
What is the greatest common factor of 58431 and 159?
3
Calculate the greatest common divisor of 266 and 232302474.
38
What is the highest common divisor of 1316 and 583533482?
658
Calculate the highest common divisor of 249832 and 2448.
136
What is the highest common factor of 176 and 26089976?
88
Calculate the highest common divisor of 1273968 and 2397537.
8847
What is the greatest common divisor of 2556 and 413504?
284
What is the greatest common factor of 18657250 and 350?
50
Calculate the highest common factor of 313401 and 75669.
33
Calculate the highest common factor of 439880984 and 168619.
15329
What is the highest common divisor of 780 and 647509460?
260
Calculate the greatest common divisor of 166 and 55416527.
83
Calculate the highest common factor of 6444 and 393312.
12
Calculate the highest common divisor of 3343470 and 585.
195
Calculate the greatest common divisor of 5256 and 496344.
24
Calculate the greatest common factor of 1131312 and 89856.
624
What is the greatest common divisor of 138 and 109901820?
138
What is the greatest common factor of 66 and 168137673?
33
Calculate the greatest common divisor of 10808 and 437752.
56
What is the highest common divisor of 1104277 and 12396?
1033
Calculate the highest common divisor of 77584 and 207360.
16
Calculate the highest common factor of 186884 and 28908004.
9836
What is the greatest common divisor of 912765 and 385?
35
What is the highest common factor of 824872480 and 160?
160
Wha